2 is divided by 3?
1
What is the remainder when 45 is divided by 23?
22
Calculate the remainder when 9251 is divided by 56.
11
What is the remainder when 1409 is divided by 30?
29
What is the remainder when 110 is divided by 14?
12
Calculate the remainder when 215 is divided by 58.
41
Calculate the remainder when 5197 is divided by 102.
97
What is the remainder when 83 is divided by 14?
13
Calculate the remainder when 1981 is divided by 3.
1
Calculate the remainder when 9 is divided by 9.
0
What is the remainder when 153 is divided by 5?
3
Calculate the remainder when 307 is divided by 11.
10
Calculate the remainder when 910 is divided by 7.
0
Calculate the remainder when 284 is divided by 284.
0
What is the remainder when 142 is divided by 14?
2
Calculate the remainder when 109 is divided by 29.
22
Calculate the remainder when 893 is divided by 56.
53
What is the remainder when 300 is divided by 57?
15
Calculate the remainder when 175 is divided by 45.
40
Calculate the remainder when 188 is divided by 16.
12
Calculate the remainder when 712 is divided by 176.
8
Calculate the remainder when 114 is divided by 43.
28
What is the remainder when 378 is divided by 15?
3
What is the remainder when 4140 is divided by 41?
40
Calculate the remainder when 2194 is divided by 67.
50
What is the remainder when 569 is divided by 94?
5
What is the remainder when 70 is divided by 9?
7
What is the remainder when 298 is divided by 50?
48
What is the remainder when 1616 is divided by 21?
20
Calculate the remainder when 12 is divided by 1.
0
Calculate the remainder when 17536 is divided by 111.
109
Calculate the remainder when 479 is divided by 38.
23
Calculate the remainder when 499 is divided by 100.
99
What is the remainder when 327 is divided by 10?
7
What is the remainder when 3500 is divided by 146?
142
What is the remainder when 1198 is divided by 1189?
9
Calculate the remainder when 239 is divided by 61.
56
What is the remainder when 252 is divided by 62?
4
What is the remainder when 150 is divided by 52?
46
What is the remainder when 68 is divided by 58?
10
What is the remainder when 893 is divided by 64?
61
Calculate the remainder when 196 is divided by 56.
28
Calculate the remainder when 2694 is divided by 159.
150
What is the remainder when 3495 is divided by 66?
63
Calculate the remainder when 35247 is divided by 250.
247
Calculate the remainder when 201 is divided by 6.
3
What is the remainder when 1115 is divided by 86?
83
What is the remainder when 35 is divided by 1?
0
What is the remainder when 279 is divided by 43?
21
What is the remainder when 79 is divided by 5?
4
Calculate the remainder when 581 is divided by 45.
41
What is the remainder when 2701 is divided by 13?
10
What is the remainder when 1845 is divided by 56?
53
Calculate the remainder when 56972 is divided by 25.
22
What is the remainder when 783 is divided by 98?
97
Calculate the remainder when 556 is divided by 93.
91
What is the remainder when 751 is divided by 93?
7
Calculate the remainder when 262 is divided by 45.
37
Calculate the remainder when 432 is divided by 145.
142
Calculate the remainder when 110 is divided by 14.
12
What is the remainder when 513 is divided by 163?
24
What is the remainder when 703 is divided by 694?
9
What is the remainder when 580 is divided by 97?
95
What is the remainder when 229 is divided by 26?
21
Calculate the remainder when 159 is divided by 82.
77
Calculate the remainder when 308 is divided by 38.
4
Calculate the remainder when 3788 is divided by 158.
154
Calculate the remainder when 1138 is divided by 377.
7
Calculate the remainder when 10112 is divided by 35.
32
Calculate the remainder when 164 is divided by 29.
19
What is the remainder when 370 is divided by 62?
60
What is the remainder when 1955 is divided by 282?
263
What is the remainder when 205 is divided by 13?
10
Calculate the remainder when 136 is divided by 19.
3
Calculate the remainder when 4786 is divided by 126.
124
What is the remainder when 2059 is divided by 62?
13
What is the remainder when 1132 is divided by 504?
124
What is the remainder when 2071 is divided by 33?
25
Calculate the remainder when 1912 is divided by 381.
7
What is the remainder when 4920 is divided by 612?
24
Calculate the remainder when 16 is divided by 16.
0
What is the remainder when 115 is divided by 13?
11
Calculate the remainder when 178 is divided by 127.
51
What is the remainder when 735 is divided by 101?
28
Calculate the remainder when 226 is divided by 17.
5
Calculate the remainder when 267 is divided by 6.
3
What is the remainder when 61 is divided by 53?
8
Calculate the remainder when 46 is divided by 3.
1
Calculate the remainder when 161 is divided by 51.
8
Calculate the remainder when 14025 is divided by 21.
18
What is the remainder when 17816 is divided by 330?
326
What is the remainder when 532 is divided by 89?
87
What is the remainder when 672 is divided by 26?
22
What is the remainder when 5499 is divided by 110?
109
Calculate the remainder when 348 is divided by 5.
3
What is the remainder when 583 is divided by 19?
13
Calculate the remainder when 192 is divided by 187.
5
Calculate the remainder when 3865 is divided by 30.
25
What is the remainder when 65 is divided by 62?
3
What is the remainder when 267 is divided by 2?
1
Calculate the remainder when 357 is divided by 25.
7
What is the remainder when 142 is divided by 16?
14
Calculate the remainder when 45 is divided by 16.
13
Calculate the remainder when 461 is divided by 153.
2
Calculate the remainder when 1464 is divided by 66.
12
What is the remainder when 1399 is divided by 87?
7
Calculate the remainder when 636 is divided by 15.
6
Calculate the remainder when 67 is divided by 25.
17
Calculate the remainder when 3007 is divided by 3.
1
Calculate the remainder when 553 is divided by 15.
13
What is the remainder when 61 is divided by 32?
29
Calculate the remainder when 10624 is divided by 23.
21
What is the remainder when 605 is divided by 24?
5
Calculate the remainder when 2699 is divided by 37.
35
What is the remainder when 56 is divided by 28?
0
What is the remainder when 1596 is divided by 277?
211
Calculate the remainder when 3010 is divided by 1502.
6
What is the remainder when 207 is divided by 5?
2
What is the remainder when 291 is divided by 4?
3
Calculate the remainder when 335 is divided by 90.
65
What is the remainder when 117 is divided by 10?
7
Calculate the remainder when 2272 is divided by 25.
22
What is the remainder when 389 is divided by 58?
41
Calculate the remainder when 107 is divided by 14.
9
What is the remainder when 2059 is divided by 38?
7
Calculate the remainder when 3405 is divided by 110.
105
Calculate the remainder when 1443 is divided by 119.
15
What is the remainder when 234 is divided by 60?
54
What is the remainder when 660 is divided by 26?
10
Calculate the remainder when 851 is divided by 7.
4
What is the remainder when 103 is divided by 36?
31
What is the remainder when 98 is divided by 9?
8
What is the remainder when 1699 is divided by 23?
20
Calculate the remainder when 593 is divided by 10.
3
What is the remainder when 24411 is divided by 17?
16
What is the remainder when 2735 is divided by 196?
187
Calculate the remainder when 1202 is divided by 1199.
3
Calculate the remainder when 481 is divided by 22.
19
What is the remainder when 48 is divided by 2?
0
Calculate the remainder when 288 is divided by 49.
43
Calculate the remainder when 208 is divided by 21.
19
What is the remainder when 39 is divided by 26?
13
Calculate the remainder when 550 is divided by 180.
10
Calculate the remainder when 2512 is divided by 61.
11
Calculate the remainder when 58 is divided by 35.
23
What is the remainder when 1110 is divided by 101?
100
What is the remainder when 832 is divided by 72?
40
What is the remainder when 213 is divided by 31?
27
Calculate the remainder when 59 is divided by 8.
3
Calculate the remainder when 4807 is divided by 17.
13
What is the remainder when 287 is divided by 91?
14
Calculate the remainder when 1595 is divided by 63.
20
Calculate the remainder when 136 is divided by 62.
12
Calculate the remainder when 189 is divided by 10.
9
What is the remainder when 4002 is divided by